68
What is the greatest common factor of 24 and 192?
24
What is the greatest common factor of 42 and 9?
3
Calculate the highest common divisor of 32661 and 9.
9
Calculate the greatest common factor of 1926 and 282.
6
What is the greatest common factor of 135 and 7335?
45
Calculate the greatest common factor of 274 and 2.
2
What is the highest common divisor of 272 and 34?
34
What is the greatest common divisor of 150 and 9570?
30
What is the greatest common factor of 9 and 15?
3
What is the greatest common factor of 1 and 116?
1
Calculate the greatest common divisor of 2054 and 316.
158
What is the highest common divisor of 87 and 4118?
29
Calculate the greatest common factor of 19824 and 59.
59
What is the highest common divisor of 21 and 98?
7
Calculate the greatest common factor of 200 and 40.
40
Calculate the greatest common factor of 8 and 27.
1
What is the highest common divisor of 7 and 28?
7
What is the greatest common factor of 2964 and 16?
4
Calculate the greatest common factor of 388 and 1358.
194
What is the highest common divisor of 36 and 96?
12
What is the greatest common divisor of 6532 and 46?
46
What is the greatest common factor of 644 and 460?
92
What is the highest common divisor of 768 and 8?
8
What is the highest common factor of 87 and 261?
87
Calculate the greatest common factor of 252 and 12.
12
What is the greatest common factor of 22 and 374?
22
Calculate the greatest common factor of 129 and 10707.
129
Calculate the greatest common divisor of 17 and 6222.
17
What is the greatest common divisor of 12 and 76?
4
What is the greatest common divisor of 1184 and 1406?
74
Calculate the greatest common factor of 327 and 15151.
109
What is the greatest common divisor of 57 and 323?
19
What is the highest common divisor of 108 and 783?
27
What is the greatest common factor of 804 and 12?
12
Calculate the greatest common factor of 27 and 1152.
9
What is the greatest common factor of 27 and 5013?
9
Calculate the highest common divisor of 56 and 1004.
4
Calculate the greatest common factor of 3654 and 42.
42
What is the highest common factor of 817 and 86?
43
Calculate the greatest common divisor of 92 and 60.
4
Calculate the highest common factor of 9 and 495.
9
What is the greatest common factor of 793 and 13?
13
Calculate the greatest common factor of 3792 and 7900.
316
Calculate the greatest common divisor of 216 and 270.
54
Calculate the highest common factor of 264 and 2040.
24
Calculate the greatest common divisor of 130 and 30.
10
Calculate the greatest common factor of 7 and 2177.
7
Calculate the greatest common divisor of 162 and 10098.
54
What is the highest common factor of 82 and 2?
2
Calculate the highest common factor of 48 and 128.
16
Calculate the highest common factor of 55 and 17215.
55
What is the highest common divisor of 376 and 40?
8
Calculate the highest common divisor of 115 and 10.
5
What is the greatest common divisor of 25 and 45?
5
What is the greatest common divisor of 968 and 616?
88
Calculate the greatest common factor of 63655 and 145.
145
Calculate the highest common divisor of 50 and 250.
50
Calculate the greatest common divisor of 558 and 252.
18
Calculate the highest common divisor of 4680 and 104.
104
Calculate the greatest common factor of 3182 and 430.
86
What is the greatest common factor of 7404 and 12?
12
Calculate the highest common divisor of 190 and 50.
10
Calculate the greatest common divisor of 10 and 310.
10
What is the greatest common divisor of 185 and 296?
37
What is the greatest common divisor of 20 and 68?
4
Calculate the highest common divisor of 7 and 112.
7
What is the greatest common divisor of 679 and 6014?
97
What is the highest common divisor of 6 and 318?
6
Calculate the highest common divisor of 6561 and 54.
27
Calculate the highest common divisor of 1264 and 16.
16
What is the greatest common divisor of 8 and 7288?
8
What is the greatest common factor of 32 and 9664?
32
What is the highest common divisor of 64 and 33312?
32
What is the highest common divisor of 88 and 77?
11
What is the highest common factor of 88 and 12694?
22
Calculate the greatest common divisor of 468 and 108.
36
What is the greatest common factor of 291 and 14841?
291
What is the highest common divisor of 75 and 4825?
25
Calculate the highest common divisor of 5765 and 5.
5
What is the greatest common factor of 176 and 77?
11
What is the highest common factor of 18 and 24?
6
Calculate the highest common divisor of 282 and 6.
6
What is the highest common factor of 77 and 7?
7
Calculate the highest common divisor of 5 and 745.
5
Calculate the highest common divisor of 875 and 5425.
175
Calculate the greatest common divisor of 5040 and 5.
5
Calculate the greatest common factor of 3526 and 123.
41
What is the highest common divisor of 493 and 10?
1
What is the greatest common divisor of 6499 and 201?
67
Calculate the highest common divisor of 4526 and 62.
62
Calculate the highest common factor of 81 and 109998.
81
Calculate the highest common divisor of 89 and 2.
1
Calculate the greatest common divisor of 81 and 3.
3
Calculate the highest common factor of 833 and 17.
17
What is the highest common factor of 1027 and 79?
79
What is the highest common factor of 25 and 68725?
25
Calculate the greatest common divisor of 130 and 10.
10
What is the greatest common factor of 65 and 273?
13
What is the highest common divisor of 14069 and 33?
11
What is the greatest common divisor of 42 and 2562?
42
Calculate the greatest common factor of 133 and 14.
7
What is the greatest common divisor of 77 and 539?
77
What is the greatest common divisor of 72430 and 10?
10
Calculate the greatest common factor of 98 and 6034.
14
What is the highest common factor of 648 and 2088?
72
Calculate the greatest common divisor of 592 and 16.
16
What is the greatest common factor of 952 and 56?
56
What is the highest common factor of 41237 and 7?
7
What is the highest common divisor of 1247 and 43?
43
What is the highest common factor of 4485 and 507?
39
What is the highest common factor of 12 and 606?
6
What is the highest common divisor of 144 and 17496?
72
What is the highest common divisor of 48 and 2208?
48
Calculate the highest common divisor of 50 and 825.
25
What is the greatest common divisor of 6935 and 190?
95
Calculate the greatest common factor of 1634 and 152.
38
What is the greatest common factor of 1134 and 14?
14
Calculate the highest common factor of 93 and 403.
31
What is the greatest common divisor of 176 and 2882?
22
What is the greatest common factor of 1359 and 36?
9
What is the highest common factor of 3997 and 119?
7
What is the greatest common factor of 507 and 13?
13
Calculate the greatest common factor of 12 and 4476.
12
What is the highest common factor of 260 and 20?
20
Calculate the highest common divisor of 16 and 114.
2
What is the greatest common factor of 10 and 265?
5
Calculate the greatest common factor of 84 and 35.
7
Calculate the greatest common divisor of 27 and 2727.
27
What is the greatest common divisor of 83 and 1245?
83
What is the greatest common divisor of 21 and 10409?
7
What is the greatest common factor of 385 and 3290?
35
What is the highest common divisor of 407 and 592?
37
Calculate the highest common factor of 105 and 35.
35
Calculate the greatest common factor of 5348 and 112.
28
Calculate the greatest common divisor of 5187 and 49.
7
Calculate the highest common factor of 6424 and 55.
11
What is the highest common divisor of 987 and 15?
3
Calculate the greatest common factor of 115 and 23.
23
What is the highest common divisor of 696 and 870?
174
Calculate the highest common divisor of 57 and 323.
19
What is the highest common factor of 1632 and 384?
96
Calculate the greatest common divisor of 6808 and 74.
74
Calculate the highest common factor of 459 and 189.
27
What is the greatest common factor of 11 and 275?
11
What is the greatest common factor of 7973 and 119?
119
Calculate the highest common divisor of 18 and 1107.
9
What is the greatest common factor of 340 and 255?
85
What is the greatest common divisor of 32 and 96?
32
Calculate the highest common divisor of 1235 and 57.
19
Calculate the highest common factor of 378 and 441.
63
What is the greatest common div